4102 is divided by 401.
9
Calculate the remainder when 158804 is divided by 1009.
391
What is the remainder when 81927104 is divided by 2301?
2300
Calculate the remainder when 74496705 is divided by 396.
393
Calculate the remainder when 4208100 is divided by 3285.
15
Calculate the remainder when 3763078 is divided by 20.
18
What is the remainder when 33860 is divided by 441?
344
Calculate the remainder when 1126170 is divided by 163.
3
Calculate the remainder when 14876048 is divided by 2826.
2810
Calculate the remainder when 528744 is divided by 16021.
51
What is the remainder when 4453356 is divided by 540?
516
What is the remainder when 3902694 is divided by 3644?
3614
What is the remainder when 19209665 is divided by 3215?
40
What is the remainder when 445627 is divided by 12013?
1146
Calculate the remainder when 575587 is divided by 1919.
1806
Calculate the remainder when 4791668 is divided by 545.
28
Calculate the remainder when 12231201 is divided by 7989.
42
What is the remainder when 47227178 is divided by 674?
672
What is the remainder when 150586 is divided by 49467?
2185
What is the remainder when 14130227 is divided by 1462?
1459
Calculate the remainder when 15731897 is divided by 7727.
7452
What is the remainder when 4231309 is divided by 72953?
35
Calculate the remainder when 1439732 is divided by 31994.
2
Calculate the remainder when 496695 is divided by 597.
588
What is the remainder when 231371 is divided by 114719?
1933
What is the remainder when 731019 is divided by 56231?
16
Calculate the remainder when 9226852 is divided by 770.
712
What is the remainder when 1034193 is divided by 43072?
465
Calculate the remainder when 173026 is divided by 24716.
14
What is the remainder when 3910969 is divided by 14?
13
Calculate the remainder when 106106 is divided by 17621.
380
Calculate the remainder when 25480 is divided by 11792.
1896
What is the remainder when 60949 is divided by 9?
1
What is the remainder when 1637198 is divided by 769?
766
What is the remainder when 29654 is divided by 550?
504
What is the remainder when 9104 is divided by 8310?
794
Calculate the remainder when 50438282 is divided by 5561.
12
What is the remainder when 73759 is divided by 36865?
29
What is the remainder when 25726 is divided by 5495?
3746
Calculate the remainder when 180345 is divided by 1007.
92
Calculate the remainder when 22259712 is divided by 3.
0
What is the remainder when 18194883 is divided by 440?
3
What is the remainder when 17896165 is divided by 524?
517
What is the remainder when 1750085 is divided by 1363?
1356
What is the remainder when 1600221 is divided by 9144?
21
Calculate the remainder when 1406889 is divided by 703436.
17
What is the remainder when 1472257 is divided by 118?
89
Calculate the remainder when 4733383 is divided by 2594.
1927
Calculate the remainder when 2234599 is divided by 1554.
1501
Calculate the remainder when 53589 is divided by 53450.
139
Calculate the remainder when 3167947 is divided by 60.
7
What is the remainder when 13378500 is divided by 3457?
3367
Calculate the remainder when 679867 is divided by 1278.
1249
What is the remainder when 147846 is divided by 1333?
1216
Calculate the remainder when 42212 is divided by 8437.
27
Calculate the remainder when 251822438 is divided by 2563.
2562
What is the remainder when 324370251 is divided by 213?
6
What is the remainder when 178427 is divided by 2326?
1651
Calculate the remainder when 34112915 is divided by 33977.
7
Calculate the remainder when 951662 is divided by 237844.
286
Calculate the remainder when 1061972 is divided by 268.
156
What is the remainder when 52293 is divided by 1211?
220
Calculate the remainder when 2040281 is divided by 407921.
676
Calculate the remainder when 23363 is divided by 831.
95
What is the remainder when 13298662 is divided by 30?
22
Calculate the remainder when 81010 is divided by 10124.
18
Calculate the remainder when 2249935 is divided by 3807.
3805
Calculate the remainder when 4148122 is divided by 691353.
4
Calculate the remainder when 73105897 is divided by 28.
25
What is the remainder when 226070 is divided by 224774?
1296
What is the remainder when 64539680 is divided by 1112753?
6
What is the remainder when 1463154 is divided by 1584?
1122
Calculate the remainder when 9191265 is divided by 6441.
6399
Calculate the remainder when 6143665 is divided by 3071821.
23
Calculate the remainder when 871757 is divided by 72638.
101
What is the remainder when 403066 is divided by 100765?
6
Calculate the remainder when 805188 is divided by 159.
12
Calculate the remainder when 22476 is divided by 8328.
5820
Calculate the remainder when 31878 is divided by 1744.
486
What is the remainder when 94448 is divided by 39?
29
What is the remainder when 49753303 is divided by 2004?
1999
What is the remainder when 23370069 is divided by 511?
506
Calculate the remainder when 18934931 is divided by 25.
6
What is the remainder when 1968572 is divided by 328084?
68
What is the remainder when 14559397 is divided by 24?
13
What is the remainder when 636311 is divided by 7575?
11
What is the remainder when 14291798 is divided by 59?
51
What is the remainder when 326819264 is divided by 3651?
3650
Calculate the remainder when 1611 is divided by 200.
11
Calculate the remainder when 4757 is divided by 2366.
25
What is the remainder when 3906879 is divided by 56621?
30
What is the remainder when 16661466 is divided by 1907?
7
What is the remainder when 40016 is divided by 910?
886
What is the remainder when 144594 is divided by 4131?
9
Calculate the remainder when 148607 is divided by 714.
95
Calculate the remainder when 170480 is divided by 1457.
11
Calculate the remainder when 4856086 is divided by 244.
242
What is the remainder when 3834320 is divided by 401?
359
Calculate the remainder when 255545 is divided by 127149.
1247
Calculate the remainder when 676070 is divided by 758.
692
What is the remainder when 27948556 is divided by 33592?
12
What is the remainder when 26855602 is divided by 3229?
9
What is the remainder when 466384 is divided by 280?
184
Calculate the remainder when 20778507 is divided by 4596.
4587
What is the remainder when 5391961 is divided by 63?
43
What is the remainder when 343916 is divided by 829?
710
Calculate the remainder when 405796 is divided by 152.
108
Calculate the remainder when 4375410 is divided by 488.
2
Calculate the remainder when 4238598 is divided by 192.
6
What is the remainder when 253212 is divided by 252645?
567
Calculate the remainder when 449226 is divided by 8797.
579
What is the remainder when 3426892 is divided by 7?
0
What is the remainder when 36496 is divided by 17256?
1984
Calculate the remainder when 3600968 is divided by 586.
584
Calculate the remainder when 80338192 is divided by 23.
20
What is the remainder when 206467 is divided by 443?
29
What is the remainder when 4404672 is divided by 1045?
1042
What is the remainder when 35654 is divided by 35057?
597
What is the remainder when 1759607 is divided by 28374?
419
Calculate the remainder when 396128 is divided by 4128.
3968
What is the remainder when 641722 is divided by 2814?
130
Calculate the remainder when 57085 is divided by 1939.
854
What is the remainder when 21694784 is divided by 31?
23
What is the remainder when 296523 is divided by 32307?
5760
Calculate the remainder when 1131628 is divided by 1287.
355
Calculate the remainder when 383246446 is divided by 16.
14
Calculate the remainder when 664664525 is divided by 107.
106
Calculate the remainder when 5969274 is divided by 1084.
770
Calculate the remainder when 64994556 is divided by 1361.
1
Calculate the remainder when 599533 is divided by 202.
199
What is the remainder when 35538 is divided by 116?
42
What is the remainder when 83719451 is divided by 1967?
1964
Calculate the remainder when 475878 is divided by 56.
46
Calculate the remainder when 6056101 is divided by 147709.
32
Calculate the remainder when 9935 is divided by 701.
121
Calculate the remainder when 15773481 is divided by 225.
81
What is the remainder when 47513 is divided by 3887?
869
What is the remainder when 43325 is divided by 210?
65
Calculate the remainder when 13370804 is divided by 52.
44
What is t